 Is u a composite number?
False
Let n be 98/(-126) - (4/(-9))/(-2). Let s(y) = 744*y**2 - 5*y - 4. Is s(n) a composite number?
True
Let u = -49 - 45. Let f = -39 - u. Is f a prime number?
False
Let s(g) = -g**3 - 8*g**2 - 2*g - 10. Let a be s(-8). Suppose a*j = j + 3415. Is j composite?
False
Let i = -3 + 6. Suppose -i*n = 4*c - 222, 3*n - 4*n = 4*c - 82. Suppose -n = -4*j + 62. Is j prime?
False
Suppose 12*h - 1540 = 392. Is h a prime number?
False
Let x(r) = -29*r + 25. Let m be x(-12). Let h(n) = -n**3 - 9*n**2 + 5. Let i be h(-9). Suppose 3*f + 3*t - 723 = 444, f - m = -i*t. Is f a prime number?
False
Suppose 15*y - 35525 = 238420. Is y prime?
False
Is ((12 - 10) + -1)*94391 a prime number?
False
Let y(p) = -12*p - 3 + 13*p - 4*p**2 + 3. Let b be y(-1). Is (b - 0) + 2 - -86 composite?
False
Let k(u) = -u**3 - 8*u**2 + 30*u - 10. Is k(-17) a prime number?
True
Let z(n) = 2*n**2 - 2*n**2 + 5*n + 3 - n**2 + 3*n. Let f be z(8). Suppose 0 = -p - f*t + 193, 0 = 4*p + 2*t - 6*t - 692. Is p composite?
True
Let l be ((-6)/9)/((-1)/3). Suppose u - l*u - 4 = 0. Let z(b) = 9*b**2 - 6*b - 2. Is z(u) prime?
False
Suppose 0 = -p - 3 + 3. Suppose p = 3*a - 8401 - 5462. Is a prime?
True
Suppose 2*p - 20 = -26. Let m be 5*(-1 + (-252)/p). Suppose m + 475 = 5*r. Is r composite?
True
Suppose 0 = p - 16*p + 135. Suppose -p*q + 884 = -529. Is q composite?
False
Suppose -4*x = 2*b - 5408, -2*x = -5*b - 0*b - 2704. Suppose -2*t = -2 - x. Is t prime?
True
Suppose -241*l = -244*l. Suppose l = -56*n + 61*n - 475. Is n a composite number?
True
Suppose -2*d = 2*c - 6*c - 1554, -4*d + 3120 = -5*c. Is d a composite number?
True
Let y = 260399 + -176310. Is y a prime number?
True
Suppose 0 = u + 129 - 15. Let x = u + 225. Is x prime?
False
Let t be 1 - -2 - ((-4 - -3) + 15068). Is (-2)/(-5) + t/(-40) a composite number?
True
Suppose -5*o + 38 = 3. Suppose -613 = 2*v - o*v - n, 605 = 5*v + 5*n. Let w = v + -88. Is w a composite number?
True
Let a = -192 + 1036. Suppose 0 = -5*q + q + a. Is q a prime number?
True
Is (0 - -4) + 1 - -21084 composite?
False
Suppose 7*z = 5*z + 222. Let j = 55 + z. Is j composite?
True
Let d(q) = 58*q**2 - 9*q - 29. Is d(14) composite?
False
Suppose -137627 = -1135*h + 1128*h. Is h a composite number?
False
Let q(n) = -9*n + 5. Let h be q(1). Is (h + (-33)/(-9))/((-3)/2763) composite?
False
Let a(v) = v**3 - 10*v**2 - 9*v - 10. Let i be a(11). Suppose 4*f = -i - 0. Let s(m) = -3*m**3 - 5*m**2 - 5*m - 2. Is s(f) prime?
False
Let j = 14132 - 7695. Is j a prime number?
False
Let d(r) = -r**3 - 3*r**2 - 4*r - 1. Let a be d(-4). Suppose 2*v - 1266 = -v. Suppose 79 = z + o, -5*z - 3*o + v - a = 0. Is z prime?
False
Is (10*-2)/(-4) - -6176 a composite number?
True
Suppose 4*k + 143 = m, 5*k - 563 = -4*m + 72. Suppose -3*s + m = -10. Is s composite?
True
Let x = 20 - 15. Suppose 11 = x*c + 1. Suppose -c*g = 5*s - 1059, 2*g = 5*s - 3*g - 1045. Is s a composite number?
False
Let m(t) = 2993*t - 419. Is m(6) composite?
False
Let x(m) = 150*m**2 + 7*m + 32. Is x(-3) a composite number?
False
Let s(u) = 19*u**2 + 4*u - 4. Let l = -85 + 90. Is s(l) a prime number?
True
Let h = 29 - 27. Suppose h*v + 5540 = -0*v. Let s = v - -3905. Is s a composite number?
True
Is (4963/35)/(3/15) prime?
True
Let g be (1 - 2) + -15 + 2. Suppose -2*k = 3*h + 145, 0 = 2*h - k + 78 + 28. Let o = g - h. Is o composite?
False
Suppose 5241 = 5*x - 2999. Suppose 4*i + q + 3*q - 7800 = 0, 2*q = i - 1941. Suppose -i = -5*g + x. Is g a prime number?
True
Suppose -7*y - 24*y = -90737. Is y prime?
True
Is (13/(-39))/((-3)/(-785898)*-2) a composite number?
False
Suppose 0 = 3*i + 10*s - 15*s - 307544, s = -i + 102528. Is i composite?
False
Suppose 5*x - 49930 = -5*h, h = -x - 2*h + 9980. Is x a composite number?
True
Is (71547/(-18))/(9/(-54)) prime?
False
Let a = 7 - 3. Suppose 0 = a*k + 2 - 6, -2*z - 5*k + 9 = 0. Is z*(179/2 + 0) a prime number?
True
Suppose 3*k - 3*d - 9120 = 0, k - 5*d = -7*d + 3043. Is k prime?
True
Let y be (-4)/1 - (-2316)/(-4). Let d = 52 - y. Is d prime?
False
Let s(j) be the first derivative of -3*j**2/2 - 6*j - 4. Let o be s(-3). Is (-1)/(o/(-1341)*3) composite?
False
Suppose 0*j = -j - 1. Let r(p) = 9*p**2 + p + 1. Let d be r(j). Is (-3)/(d/(-75))*1 composite?
True
Is ((-375096)/24)/((-7)/14) a composite number?
True
Suppose -8*t - 2662 = -15318. Let h = t - -75. Is h a prime number?
True
Let s = -230 + 252. Is s a composite number?
True
Let g(l) = -l**3 + 8*l**2 - 7*l - 3. Let o be g(6). Suppose 3*k = -5*c + 30, -4*c + o = 4*k - k. Suppose k*s - 408 = -13. Is s prime?
True
Is (-1)/(4257/(-4254) + 1) prime?
False
Let c(v) = -3*v**2 + 2166. Let h be c(0). Let m = h - -331. Is m prime?
False
Suppose t - 22 = -5*b, b - 5*t - 11 = -3*t. Suppose -10 = -b*c, -q + 6001 = 2*c + 946. Is q a prime number?
True
Let f(z) = 523*z**2 - 40*z + 116. Is f(3) composite?
False
Is (10701/(-18) + -12)*(0 + -2) a composite number?
False
Let v be ((-424)/16)/(2/4). Let n = v + 32. Is (446/(-6))/(7/n) a composite number?
False
Let b = -39379 - -55560. Is b a composite number?
True
Suppose -4*q = 0, 15*q + 7408 = -4*p + 17*q. Suppose 2509 = -2*i - 21. Let d = i - p. Is d a composite number?
False
Let f = -7872 + 20441. Is f a composite number?
False
Suppose 4*z - 2*l = 18 - 0, -z - 3*l = -1. Suppose -4*x + 1680 = -z*n, 0 = -x - n + 5*n + 423. Is x composite?
False
Suppose 26*y + 28554 = 32*y. Is y a composite number?
False
Suppose 2*q + 4 - 10 = 0. Suppose -q*x + 2*x + 2 = 0. Suppose -2*z + 438 = x*z - 3*o, 4*z = o + 442. Is z a composite number?
True
Let c(x) = -x - 2*x + x - 1 + 3*x**2 - x. Let t(l) = l**3 - 3*l**2 - 4*l + 7. Let h be t(3). Is c(h) composite?
False
Suppose -4*f + 8 - 72 = 0. Let m be (f/(-10))/((-1)/(-5)). Suppose -3*l - 5*k = -351, -3*l = -m*l + 3*k + 619. Is l a prime number?
False
Let p = 12 + -12. Suppose -5*s + 975 - 340 = p. Is s a composite number?
False
Let r(h) = 0 + 1 - h**2 + 5*h + 1. Let i be r(5). Suppose g + g = i*l - 542, 0 = -5*l + 4*g + 1351. Is l a composite number?
True
Suppose j - 2*x - 5 = x, -42 = -5*j - 2*x. Let u be 2*2*j/16. Suppose 5*f - 8*m - 3365 = -3*m, 1358 = u*f + m. Is f composite?
False
Let u be (2/(-4))/((-2)/308). Let n = u - 40. Is n composite?
False
Suppose -12098 = -10*c + 3072. Is c prime?
False
Suppose -5*x - 2722 = 33828. Let o = x + 10309. Is o composite?
False
Let n be 0 - 2 - (-5 - -8). Let s = 0 - n. Suppose 0*m - 3*c + 1170 = 3*m, 0 = -4*m + s*c + 1569. Is m prime?
False
Suppose -3*y + 3*l - 8992 = -4*y, 4*y - 36038 = 2*l. Is y a composite number?
False
Let a(u) = -67*u**3 + u**2 - u - 2. Let z = 44 + -45. Is a(z) a composite number?
False
Let u(w) be the first derivative of 17*w**3/3 + 13*w**2 - 23*w + 36. Is u(18) prime?
True
Suppose 2*m - 8*m = -12. Is m - 0 - (-5 + -252) prime?
False
Let f(j) be the first derivative of 2*j**3/3 - 3*j**2/2 - 7*j + 2. Is f(-6) prime?
True
Suppose -2*l = -10*l + 400. Let p = l + -19. Is p composite?
False
Let x = 9122 - 6259. Is x a composite number?
True
Let u(n) = -112*n + 1. Let y(x) = -x**2 - 10*x - 11. Let z be y(-8). Suppose -z*v - 3 = -5*a - 18, 0 = -2*a - v - 6. Is u(a) a prime number?
True
Suppose 2*z = 7*z. Suppose -5*i = -2*j - z*i - 26, -3*i = -5*j - 46. Let d(f) = 4*f**2 - 7*f - 19. Is d(j) a composite number?
False
Suppose 9758 = 2*u - 4*j, -30*j + 14644 = 3*u - 29*j. Is u prime?
False
Let y = -714 - -1247. Let b = y + -187. Is b prime?
False
Let j(n) = -n**3 + 10*n**2 + 10*n - 12. Let o be j(-9). Let k(i) = -252*i**2 - 5*i - 2. Let u be k(-2). Let s = u + o. Is s a composite number?
True
Suppose 5969 = 3*s + 4*x - 12338, 0 = 2*s - x - 12201. Is s composite?
False
Is 1*(4 + -5)*3 + 3410 a composite number?
False
Let a(g) = -g**2 - 12*g + 7. Let s be a(-12). Is s + -2 + -1 - -387 a prime number?
False
Let q = -86 - -131. Let u = q + -125. Let v = u + 391. Is v a prime number?
True
Let a be 364 + (0/4)/(-3). Suppose 0 = -r + a + 115. Is r prime?
True
Let p(x) = 11*x + 1. Let m be p(-1). Suppose -f - f - 25 = 5*v, -2*f - v - 5 = 0. Let q = f - m. Is q composite?
True
Let q = 47256 + -32749. Is q prime?
False
Suppose 2*j - 3*t = j, -j = 3*t - 6. Suppose -2*p + 60 = x, x - j*x + 99 = -3*p. Suppose 3*d - x = 21. Is d prime?
False
Let x be 6/((-2)/(12/9)). Let g be (-2)/(1*